4 is divided by 8115852.
10
Calculate the remainder when 2216801 is divided by 738933.
2
Calculate the remainder when 23055197 is divided by 1288.
1285
Calculate the remainder when 440593 is divided by 883.
859
Calculate the remainder when 3953261 is divided by 2250.
11
What is the remainder when 667532 is divided by 2758?
96
Calculate the remainder when 2220887 is divided by 875.
137
Calculate the remainder when 178669 is divided by 1199.
18
Calculate the remainder when 10278845 is divided by 7492.
7313
Calculate the remainder when 101358 is divided by 3111.
1806
Calculate the remainder when 1865956 is divided by 46.
12
Calculate the remainder when 63454 is divided by 31628.
198
What is the remainder when 5899679 is divided by 408?
407
Calculate the remainder when 2858484887 is divided by 24.
23
Calculate the remainder when 23489696 is divided by 4755.
4751
Calculate the remainder when 1396419 is divided by 1230.
369
What is the remainder when 6104772 is divided by 2034767?
471
Calculate the remainder when 7977 is divided by 3260.
1457
Calculate the remainder when 6923881 is divided by 28611.
19
Calculate the remainder when 576656 is divided by 1262.
1184
What is the remainder when 1044290 is divided by 1044148?
142
Calculate the remainder when 678077 is divided by 311.
97
What is the remainder when 1033975 is divided by 4995?
10
Calculate the remainder when 6039922 is divided by 2053.
2049
Calculate the remainder when 1986594 is divided by 188.
186
What is the remainder when 2036991 is divided by 290?
31
Calculate the remainder when 1006716 is divided by 20973.
12
Calculate the remainder when 455720173 is divided by 923.
922
What is the remainder when 87894136 is divided by 1172?
1168
Calculate the remainder when 163483 is divided by 208.
203
Calculate the remainder when 36858242 is divided by 1116916.
14
What is the remainder when 1934702 is divided by 214953?
125
What is the remainder when 5691623 is divided by 4216?
23
Calculate the remainder when 1661032 is divided by 17123.
101
Calculate the remainder when 12039762 is divided by 2314.
20
Calculate the remainder when 975693 is divided by 94.
67
Calculate the remainder when 501930 is divided by 83.
29
Calculate the remainder when 730994 is divided by 424.
18
What is the remainder when 884633 is divided by 8870?
6503
Calculate the remainder when 26394156 is divided by 205.
201
What is the remainder when 74064 is divided by 18516?
0
Calculate the remainder when 26657556 is divided by 2141.
2106
What is the remainder when 773346 is divided by 541?
257
Calculate the remainder when 1646447 is divided by 3021.
2
What is the remainder when 1925361 is divided by 9438?
9
What is the remainder when 43168 is divided by 2514?
430
Calculate the remainder when 12773 is divided by 25.
23
Calculate the remainder when 1650770 is divided by 550254.
8
Calculate the remainder when 551760 is divided by 28.
20
Calculate the remainder when 10835609 is divided by 49.
43
What is the remainder when 168424300 is divided by 181?
180
What is the remainder when 116923 is divided by 1559?
1557
Calculate the remainder when 1300395 is divided by 601.
432
What is the remainder when 522435 is divided by 312?
147
Calculate the remainder when 173398 is divided by 1652.
1590
What is the remainder when 60406 is divided by 349?
29
What is the remainder when 920179 is divided by 165?
139
Calculate the remainder when 386892 is divided by 35.
2
What is the remainder when 752753392 is divided by 1494?
1492
What is the remainder when 433966 is divided by 888?
622
Calculate the remainder when 4218132 is divided by 1029.
261
What is the remainder when 56376 is divided by 9394?
12
Calculate the remainder when 102399 is divided by 20475.
24
What is the remainder when 241133081 is divided by 171?
167
Calculate the remainder when 342630 is divided by 171009.
612
Calculate the remainder when 372218 is divided by 123941.
395
What is the remainder when 26391056 is divided by 3770144?
48
Calculate the remainder when 321447 is divided by 926.
125
Calculate the remainder when 1160980 is divided by 386993.
1
Calculate the remainder when 1639672 is divided by 464.
360
Calculate the remainder when 13185950 is divided by 13185912.
38
Calculate the remainder when 78361 is divided by 19354.
945
What is the remainder when 13186634 is divided by 39?
32
What is the remainder when 7875426 is divided by 2160?
66
What is the remainder when 1770175 is divided by 40?
15
Calculate the remainder when 16122593 is divided by 3224518.
3
Calculate the remainder when 12811127 is divided by 4410.
77
Calculate the remainder when 1189762 is divided by 59.
27
Calculate the remainder when 6655 is divided by 1106.
19
Calculate the remainder when 3579461 is divided by 894864.
5
What is the remainder when 2190477 is divided by 89?
9
Calculate the remainder when 202865 is divided by 498.
179
What is the remainder when 7089622 is divided by 22?
12
What is the remainder when 9290 is divided by 86?
2
Calculate the remainder when 55258 is divided by 2944.
2266
What is the remainder when 6036292 is divided by 75?
67
What is the remainder when 307750 is divided by 1077?
805
Calculate the remainder when 25183 is divided by 3167.
3014
What is the remainder when 39215827 is divided by 800323?
0
Calculate the remainder when 81715 is divided by 5105.
35
Calculate the remainder when 1813858 is divided by 325.
33
What is the remainder when 47056 is divided by 45190?
1866
What is the remainder when 1958170 is divided by 48948?
250
What is the remainder when 43380416 is divided by 5826?
20
What is the remainder when 4922823 is divided by 123?
117
Calculate the remainder when 449536 is divided by 505.
86
Calculate the remainder when 35250914 is divided by 31474.
34
Calculate the remainder when 36731189 is divided by 168.
5
What is the remainder when 323262 is divided by 123?
18
What is the remainder when 15797220 is divided by 15797190?
30
What is the remainder when 496883 is divided by 496791?
92
Calculate the remainder when 52500 is divided by 477.
30
What is the remainder when 529665 is divided by 132371?
181
What is the remainder when 53056 is divided by 1878?
472
What is the remainder when 846463 is divided by 11922?
1
Calculate the remainder when 212838 is divided by 212659.
179
Calculate the remainder when 6950615 is divided by 17420.
35
Calculate the remainder when 155534 is divided by 2879.
68
Calculate the remainder when 35914213 is divided by 577.
2
What is the remainder when 11451280 is divided by 17?
12
Calculate the remainder when 636191 is divided by 3422.
3121
Calculate the remainder when 586290 is divided by 12473.
59
Calculate the remainder when 46720 is divided by 790.
110
Calculate the remainder when 1181458 is divided by 236289.
13
What is the remainder when 176746 is divided by 28941?
3100
Calculate the remainder when 1008992 is divided by 252166.
328
Calculate the remainder when 20920455 is divided by 562.
5
Calculate the remainder when 871327 is divided by 826.
723
What is the remainder when 6583197 is divided by 1688?
1685
What is the remainder when 73639197 is divided by 183?
180
Calculate the remainder when 2265957 is divided by 153.
27
What is the remainder when 68052 is divided by 2000?
52
What is the remainder when 7097361 is divided by 14426?
14195
What is the remainder when 48585 is divided by 2774?
1427
What is the remainder when 452762 is divided by 7933?
581
What is the remainder when 337276 is divided by 199?
170
What is the remainder when 372132 is divided by 167?
56
What is the remainder when 21743045 is divided by 1269?
1268
What is the remainder when 3199450 is divided by 177?
175
Calculate the remainder when 56671 is divided by 2447.
390
Calculate the remainder when 47709857 is divided by 159.
158
What is the remainder when 26592227 is divided by 19?
17
Calculate the remainder when 1033767 is divided by 516752.
263
What is the remainder when 2201247 is divided by 28587?
48
What is the remainder when 1506447 is divided by 301287?
12
What is the remainder when 310442 is divided by 155200?
42
What is the remainder when 719635 is divided by 44973?
67
Calculate the remainder when 61284 is divided by 1574.
1472
What is the remainder when 8061380 is d